{"id":45,"date":"2024-08-26T12:59:20","date_gmt":"2024-08-26T11:59:20","guid":{"rendered":"https:\/\/terressingulieres.fr\/?page_id=45"},"modified":"2024-09-11T14:10:03","modified_gmt":"2024-09-11T13:10:03","slug":"bienvenue","status":"publish","type":"page","link":"https:\/\/terressingulieres.fr\/","title":{"rendered":"ATELIER TERRES SINGULIERES"},"content":{"rendered":"\n<pre class=\"wp-block-preformatted\">Cours adultes par M\u00e9lanie Bassompierre<br>Place de Clichy 75009 Paris<br>Trimestriels ou ponctuels<br>2024\/2025<\/pre>\n\n\n\n<div class=\"wp-block-media-text has-media-on-the-right is-stacked-on-mobile\" style=\"grid-template-columns:auto 33%\"><div class=\"wp-block-media-text__content\">\n<h2 class=\"wp-block-heading has-large-font-size\" style=\"font-style:normal;font-weight:800;text-decoration:underline\"><strong>BIENVENUE<\/strong><\/h2>\n\n\n\n<p>Le travail de la terre est riche de surprises et de d\u00e9couvertes&nbsp;: <br>\u00e0 chaque tentative&nbsp;ses trouvailles, \u00e0 chaque main au travail ses pi\u00e8ces singuli\u00e8res.<\/p>\n<\/div><figure class=\"wp-block-media-text__media\"><img loading=\"lazy\" decoding=\"async\" width=\"576\" height=\"590\" src=\"https:\/\/terressingulieres.fr\/wp-content\/uploads\/2024\/08\/Donatella-Basdereff-fond-blanc-2.png\" alt=\"Hey Bienvenue \nDonatella Basdereff\" class=\"wp-image-52 size-full\" srcset=\"https:\/\/terressingulieres.fr\/wp-content\/uploads\/2024\/08\/Donatella-Basdereff-fond-blanc-2.png 576w, https:\/\/terressingulieres.fr\/wp-content\/uploads\/2024\/08\/Donatella-Basdereff-fond-blanc-2-293x300.png 293w\" sizes=\"auto, (max-width: 576px) 100vw, 576px\" \/><\/figure><\/div>\n\n\n\n<div class=\"wp-block-media-text is-stacked-on-mobile\" style=\"grid-template-columns:38% auto\"><figure class=\"wp-block-media-text__media\"><img loading=\"lazy\" decoding=\"async\" width=\"576\" height=\"607\" src=\"https:\/\/terressingulieres.fr\/wp-content\/uploads\/2024\/08\/IMG_9541-2.jpg\" alt=\"Pi\u00e8ce tenue \u00e0 la main\npr\u00e9sentation\nTara Heuz\u00e9-Sarmini\" class=\"wp-image-66 size-full\" srcset=\"https:\/\/terressingulieres.fr\/wp-content\/uploads\/2024\/08\/IMG_9541-2.jpg 576w, https:\/\/terressingulieres.fr\/wp-content\/uploads\/2024\/08\/IMG_9541-2-285x300.jpg 285w\" sizes=\"auto, (max-width: 576px) 100vw, 576px\" \/><\/figure><div class=\"wp-block-media-text__content\">\n<h2 class=\"wp-block-heading has-text-align-right has-large-font-size\" style=\"font-style:normal;font-weight:900;text-decoration:underline\"><strong>PR\u00c9SENTATION<\/strong><\/h2>\n\n\n\n<p class=\"has-text-align-right\">Notre atelier est un lieu destin\u00e9 \u00e0 l\u2019accueil du public, nous y transmettons <br>notre savoir et notre exp\u00e9rience.<\/p>\n\n\n\n<p class=\"has-text-align-right\">Nous y d\u00e9veloppons tout ce qui nous tient \u00e0 coeur&nbsp;: le go\u00fbt de l\u2019exp\u00e9rimentation, un esprit de partage et de convivialit\u00e9.<\/p>\n\n\n\n<p class=\"has-text-align-right\">Forts de 15 ann\u00e9es d\u2019exp\u00e9rience, nous recevons nos \u00e9l\u00e8ves pour leur ouvrir grand les portes de la cr\u00e9ation par la c\u00e9ramique.Nous guidons les gestes techniques, nous soutenons l expression artistique, nous vous accompagnons dans chaque projet, tel qu il vous tient \u00e0 coeur.<\/p>\n\n\n\n<p class=\"has-text-align-right\">Ce que nous aimons, c\u2019est que novice ou exp\u00e9riment\u00e9, vous vous sentiez \u00e0 l\u2019aise et heureux de travailler la terre dans notre atelier&nbsp;!<\/p>\n<\/div><\/div>\n\n\n\n<div class=\"wp-block-media-text has-media-on-the-right is-stacked-on-mobile\" style=\"grid-template-columns:auto 41%\"><div class=\"wp-block-media-text__content\">\n<h2 class=\"wp-block-heading has-large-font-size\" style=\"font-style:normal;font-weight:900;text-decoration:underline\"><strong>COURS R\u00c9GULIERS<\/strong><\/h2>\n\n\n\n<p style=\"font-style:normal;font-weight:700\">OBJECTIFS :<\/p>\n\n\n\n<p>Le travail de la terre nous invite au jeu, \u00e0 la rencontre, il d\u00e9veloppe l\u2019\u00e9coute de la mati\u00e8re et de ses propres rythmes, il ouvre \u00e0 l\u2019exploration de techniques sp\u00e9cifiques, \u00e0 l\u2019exp\u00e9rimentation cr\u00e9atrice, \u00e0 cette joie de se d\u00e9couvrir acteur et cr\u00e9ateur, en capacit\u00e9 de faire \u00e9merger une forme, un objet.<\/p>\n\n\n\n<p>C\u2019est pour cela que nous faisons le choix, sur le temps des cours, de travailler sans supports (ni mod\u00e8les, ni moules) pour rester pleinement attentifs aux effets de chaque geste sur la pi\u00e8ce en cours et suivre ce fil d\u2019Ariane avant tout. <\/p>\n\n\n\n<p style=\"font-style:normal;font-weight:400\"><br>Nous sommes convaincus que c\u2019est justement l\u00e0 que peuvent surgir avec le plus de libert\u00e9 une voie et une voix vers un univers de cr\u00e9ation personnel. <br>Par ce choix p\u00e9dagogique assum\u00e9, nous favorisons l\u2019exploration et l\u2019enrichissement de cette expression personnelle. <br><br>Notre credo&nbsp;: ouvrir \u00e0 chacun cet espace de singularit\u00e9&nbsp;!<\/p>\n\n\n\n<p><\/p>\n<\/div><figure class=\"wp-block-media-text__media\"><img loading=\"lazy\" decoding=\"async\" width=\"482\" height=\"720\" src=\"https:\/\/terressingulieres.fr\/wp-content\/uploads\/2024\/08\/Resized_20240129_083412.jpg\" alt=\"le visage totem (cours hebdo\nAnne M.\" class=\"wp-image-58 size-full\" srcset=\"https:\/\/terressingulieres.fr\/wp-content\/uploads\/2024\/08\/Resized_20240129_083412.jpg 482w, https:\/\/terressingulieres.fr\/wp-content\/uploads\/2024\/08\/Resized_20240129_083412-201x300.jpg 201w\" sizes=\"auto, (max-width: 482px) 100vw, 482px\" \/><\/figure><\/div>\n\n\n\n<div class=\"wp-block-media-text is-stacked-on-mobile\" style=\"grid-template-columns:30% auto\"><figure class=\"wp-block-media-text__media\"><img loading=\"lazy\" decoding=\"async\" width=\"768\" height=\"1024\" src=\"https:\/\/terressingulieres.fr\/wp-content\/uploads\/2024\/08\/danseuse-1-768x1024.jpg\" alt=\"la danseuse\nCatherine O. \" class=\"wp-image-98 size-full\" srcset=\"https:\/\/terressingulieres.fr\/wp-content\/uploads\/2024\/08\/danseuse-1-768x1024.jpg 768w, https:\/\/terressingulieres.fr\/wp-content\/uploads\/2024\/08\/danseuse-1-225x300.jpg 225w, https:\/\/terressingulieres.fr\/wp-content\/uploads\/2024\/08\/danseuse-1.jpg 1000w\" sizes=\"auto, (max-width: 768px) 100vw, 768px\" \/><\/figure><div class=\"wp-block-media-text__content\">\n<h2 class=\"wp-block-heading has-text-align-right has-large-font-size\" style=\"font-style:normal;font-weight:900;text-decoration:underline\"><strong>LIEU, MAT\u00c9RIEL &amp; MAT\u00c9RIAUX<\/strong><\/h2>\n\n\n\n<p class=\"has-text-align-right\">C\u2019est un local d\u2019une trentaine de m\u00e8tres carr\u00e9s partag\u00e9 avec d\u2019autres c\u00e9ramistes. <br>Il est situ\u00e9 dans le 9 \u00e8me place de Clichy.<\/p>\n\n\n\n<p class=\"has-text-align-left\">Nous y avons \u00e0 disposition&nbsp;:<\/p>\n\n\n\n<ul class=\"wp-block-list\">\n<li>des terres blanches, rouges et noires, lisses, ou fines et grosses chamottes<\/li>\n<\/ul>\n\n\n\n<ul class=\"wp-block-list\">\n<li>une large palette d\u2019engobes et un tr\u00e8s grand choix d\u2019\u00e9maux.<\/li>\n<\/ul>\n\n\n\n<ul class=\"wp-block-list\">\n<li>une grande diversit\u00e9 d\u2019outils<\/li>\n<\/ul>\n\n\n\n<p><\/p>\n\n\n\n<p class=\"has-text-align-right\">Nous pratiquons des cuissons \u00e0 basse temp\u00e9rature (980C\u00b0).<\/p>\n<\/div><\/div>\n\n\n\n<div class=\"wp-block-media-text has-media-on-the-right is-stacked-on-mobile\" style=\"grid-template-columns:auto 33%\"><div class=\"wp-block-media-text__content\">\n<p><\/p>\n\n\n\n<h2 class=\"wp-block-heading has-large-font-size\" style=\"font-style:normal;font-weight:900;text-decoration:underline\"><strong>LES COURS<\/strong><\/h2>\n\n\n\n<p>Durant les s\u00e9ances, nous accueillons entre 6 et 10 \u00e9l\u00e8ves. Elles durent 2h30.<\/p>\n\n\n\n<p>Chacun travaille sur ses pi\u00e8ces, \u00e0 son rythme, autour d\u2019une grande table. <br>Nous allons voir chacun, le guider dans les n\u00e9cessit\u00e9s techniques, r\u00e9fl\u00e9chir <br>ensemble \u00e0 l\u2019expressivit\u00e9 de la pi\u00e8ce.<\/p>\n\n\n\n<p>Les s\u00e9ances sont ouvertes \u00e0 tous les adultes sans distinction d\u2019exp\u00e9rience. <br><br><br><\/p>\n\n\n\n<p style=\"font-style:normal;font-weight:900\"><strong>HORAIRES HEBDOMADAIRES<\/strong><br><br>> Lundi 10h-12h30<br>> Mardi 13h-15h30<br>> Mercredi 19h30-22h<br>> Jeudi 19h30 &#8211; 22h<\/p>\n\n\n\n<p class=\"has-small-font-size\">Une question ? <br>M\u00e9lanie Bassompierre<br>06 76 74 90 97 &#8211; <a href=\"mailto:melaniebassompierre@yahoo.fr\">melaniebassompierre@yahoo.fr<\/a> <br><\/p>\n\n\n\n<p><\/p>\n<\/div><figure class=\"wp-block-media-text__media\"><img loading=\"lazy\" decoding=\"async\" width=\"570\" height=\"1024\" src=\"https:\/\/terressingulieres.fr\/wp-content\/uploads\/2024\/08\/coureur-570x1024.jpg\" alt=\"le couple courant (les cours) \nCatherine O. \" class=\"wp-image-104 size-full\" srcset=\"https:\/\/terressingulieres.fr\/wp-content\/uploads\/2024\/08\/coureur-570x1024.jpg 570w, https:\/\/terressingulieres.fr\/wp-content\/uploads\/2024\/08\/coureur-167x300.jpg 167w, https:\/\/terressingulieres.fr\/wp-content\/uploads\/2024\/08\/coureur.jpg 707w\" sizes=\"auto, (max-width: 570px) 100vw, 570px\" \/><\/figure><\/div>\n\n\n\n<div class=\"wp-block-media-text is-stacked-on-mobile\" style=\"grid-template-columns:51% auto\"><figure class=\"wp-block-media-text__media\"><img loading=\"lazy\" decoding=\"async\" width=\"675\" height=\"1024\" src=\"https:\/\/terressingulieres.fr\/wp-content\/uploads\/2024\/08\/palmier-1-1-675x1024.jpg\" alt=\"la feuille verte (acc\u00e8s au cours) : Donatella Basdereff\" class=\"wp-image-260 size-full\" srcset=\"https:\/\/terressingulieres.fr\/wp-content\/uploads\/2024\/08\/palmier-1-1-675x1024.jpg 675w, https:\/\/terressingulieres.fr\/wp-content\/uploads\/2024\/08\/palmier-1-1-198x300.jpg 198w, https:\/\/terressingulieres.fr\/wp-content\/uploads\/2024\/08\/palmier-1-1-768x1165.jpg 768w, https:\/\/terressingulieres.fr\/wp-content\/uploads\/2024\/08\/palmier-1-1-1012x1536.jpg 1012w, https:\/\/terressingulieres.fr\/wp-content\/uploads\/2024\/08\/palmier-1-1.jpg 1185w\" sizes=\"auto, (max-width: 675px) 100vw, 675px\" \/><\/figure><div class=\"wp-block-media-text__content\">\n<p><\/p>\n\n\n\n<h2 class=\"wp-block-heading has-text-align-right has-large-font-size\" style=\"font-style:normal;font-weight:900;text-decoration:underline\">ACCES <strong>COURS R\u00c9GULIERS<\/strong><\/h2>\n\n\n\n<p class=\"has-text-align-right\">Les cours sont accessibles par inscription trimestrielle.<\/p>\n\n\n\n<p class=\"has-text-align-right\" style=\"font-style:normal;font-weight:600\">Un trimestre comprend 11 s\u00e9ances de 2h30.<\/p>\n\n\n\n<p class=\"has-text-align-right\">Nous suivons le calendrier scolaire.&nbsp;<br><\/p>\n\n\n\n<p class=\"has-text-align-left\">Pour l\u2019ann\u00e9e 2024-2025&nbsp;:<\/p>\n\n\n\n<ul class=\"wp-block-list\">\n<li>1<sup>er<\/sup> trimestre&nbsp;: du 23\/9 au 20\/12 <br>(pause vacances scolaires du 19\/10 au 3\/11)<\/li>\n<\/ul>\n\n\n\n<p><\/p>\n\n\n\n<ul class=\"wp-block-list\">\n<li>2\u00e8me trimestre&nbsp;: du 6\/1 au 6\/4 <br>(pause v. sco. du 15\/2 au 2\/3)<br><\/li>\n<\/ul>\n\n\n\n<p><\/p>\n\n\n\n<ul class=\"wp-block-list\">\n<li>3\u00e8me trimestre&nbsp;: du 7\/4 au 5\/7<br><\/li>\n<\/ul>\n\n\n\n<p><\/p>\n\n\n\n<p class=\"has-text-align-right\"><br>On peut rejoindre un cours \u00e0 tout moment de l\u2019ann\u00e9e. <br>Il est possible de faire un cours d\u2019essai au pr\u00e9alable.<\/p>\n\n\n\n<p class=\"has-text-align-right\">En cas d\u2019absence, nous permettons le rattrapage lorsque des places sont disponibles dans les autres cours et dans la limite de 2 cours par trimestre, \u00e0 effectuer dans le cadre du trimestre concern\u00e9.<\/p>\n\n\n\n<p class=\"has-text-align-right has-small-font-size\">Une question ? <br>M\u00e9lanie Bassompierre<br>06 76 74 90 97 &#8211; <a href=\"mailto:melaniebassompierre@yahoo.fr\">melaniebassompierre@yahoo.fr<\/a><\/p>\n<\/div><\/div>\n\n\n\n<div class=\"wp-block-media-text has-media-on-the-right is-stacked-on-mobile\" style=\"grid-template-columns:auto 34%\"><div class=\"wp-block-media-text__content\">\n<p style=\"font-size:9px\"><\/p>\n\n\n\n<h2 class=\"wp-block-heading has-large-font-size\" style=\"font-style:normal;font-weight:900;text-decoration:underline\">TARIFS<\/h2>\n\n\n\n<p>490 euros (trimestre de 11 cours)<\/p>\n\n\n\n<p>il comprend tous les mat\u00e9riaux et toutes les cuissons<\/p>\n\n\n\n<p>Cette cotisation est r\u00e9glable en d\u00e9but de trimestre, il est possible toutefois en r\u00e9glant par ch\u00e8ques, de l\u2019effectuer en 2 ou 3 mensualit\u00e9s<\/p>\n\n\n\n<p>Un cours d\u2019essai&nbsp;: 50 euros<\/p>\n\n\n\n<p class=\"has-small-font-size\"><br>Une question ? <br>M\u00e9lanie Bassompierre<br>06 76 74 90 97 &#8211; <a href=\"mailto:melaniebassompierre@yahoo.fr\">melaniebassompierre@yahoo.fr<\/a><\/p>\n<\/div><figure class=\"wp-block-media-text__media\"><img loading=\"lazy\" decoding=\"async\" width=\"768\" height=\"768\" src=\"https:\/\/terressingulieres.fr\/wp-content\/uploads\/2024\/08\/tarte-1-3.jpg\" alt=\"la tarte aux pomme (tarifs) : Evang\u00e9line K.\" class=\"wp-image-126 size-full\" srcset=\"https:\/\/terressingulieres.fr\/wp-content\/uploads\/2024\/08\/tarte-1-3.jpg 768w, https:\/\/terressingulieres.fr\/wp-content\/uploads\/2024\/08\/tarte-1-3-300x300.jpg 300w, https:\/\/terressingulieres.fr\/wp-content\/uploads\/2024\/08\/tarte-1-3-150x150.jpg 150w\" sizes=\"auto, (max-width: 768px) 100vw, 768px\" \/><\/figure><\/div>\n\n\n\n<div class=\"wp-block-media-text is-stacked-on-mobile\" style=\"grid-template-columns:40% auto\"><figure class=\"wp-block-media-text__media\"><img loading=\"lazy\" decoding=\"async\" width=\"411\" height=\"1024\" src=\"https:\/\/terressingulieres.fr\/wp-content\/uploads\/2024\/08\/double-image-copie-411x1024.jpg\" alt=\"plaques bleues portugaises (cours ponctuels) : Donatella Basdereff\npalmier : Caroline S.\" class=\"wp-image-150 size-full\" srcset=\"https:\/\/terressingulieres.fr\/wp-content\/uploads\/2024\/08\/double-image-copie-411x1024.jpg 411w, https:\/\/terressingulieres.fr\/wp-content\/uploads\/2024\/08\/double-image-copie-120x300.jpg 120w, https:\/\/terressingulieres.fr\/wp-content\/uploads\/2024\/08\/double-image-copie-768x1913.jpg 768w, https:\/\/terressingulieres.fr\/wp-content\/uploads\/2024\/08\/double-image-copie-617x1536.jpg 617w, https:\/\/terressingulieres.fr\/wp-content\/uploads\/2024\/08\/double-image-copie-822x2048.jpg 822w, https:\/\/terressingulieres.fr\/wp-content\/uploads\/2024\/08\/double-image-copie-scaled.jpg 1028w\" sizes=\"auto, (max-width: 411px) 100vw, 411px\" \/><\/figure><div class=\"wp-block-media-text__content\">\n<p><\/p>\n\n\n\n<h2 class=\"wp-block-heading has-text-align-right has-large-font-size\" style=\"font-style:normal;font-weight:900;text-decoration:underline\">COURS PONCTUELS<\/h2>\n\n\n\n<p class=\"has-text-align-right\">Sur r\u00e9servation, ils ont lieu le <strong>DIMANCHE<\/strong>, environ 1 fois par mois.<\/p>\n\n\n\n<p class=\"has-text-align-right\">Les m\u00eames mat\u00e9riaux et outils que pour les cours hebdomadaires <br>sont mis \u00e0 disposition.<\/p>\n\n\n\n<p class=\"has-text-align-right\">Ils sont le cadre id\u00e9al pour faire ses premiers pas lorsqu\u2019on ne peut s\u2019engager dans des cours hebdomadaires, <br>ou bien pour venir entre amis ou en famille.<\/p>\n\n\n\n<p class=\"has-text-align-right\">Il est possible de venir une seule fois, auquel cas nous faisons en sorte que le modelage de la ou des pi\u00e8ces soit termin\u00e9. Une fois le travail s\u00e9ch\u00e9 et cuit sur place (en moyenne 3 \u00e0 4 semaines suivant le type de pi\u00e8ces), <br>il est r\u00e9cup\u00e9rable sur rdv.<\/p>\n\n\n\n<p class=\"has-text-align-right\">Il est possible aussi de venir plusieurs fois au fil de l\u2019ann\u00e9e, de continuer les pi\u00e8ces conserv\u00e9es sous plastique, et de passer apr\u00e8s leur cuisson, \u00e0 l\u2019\u00e9tape -tout aussi formidable&nbsp;!- de l\u2019\u00e9maillage au pinceau&nbsp;!<\/p>\n\n\n\n<p class=\"has-text-align-right\">L\u2019atmosph\u00e8re y est conviviale <br>et toute \u00e0 la s\u00e9r\u00e9nit\u00e9 d\u2019un dimanche hors du temps.<br><br><\/p>\n\n\n\n<p class=\"has-text-align-center\"><strong>PLANNING 24\/25 &#8211; COURS PONCTUELS :<\/strong><\/p>\n\n\n\n<p class=\"has-text-align-center\">8 septembre &#8211; 6 octobre &#8211; 3 novembre &#8211; 1 d\u00e9cembre  <br>12 janvier &#8211; 2 f\u00e9vrier &#8211; 2 mars &#8211; 30 mars <br>11 mai &#8211; 22 juin<\/p>\n\n\n\n<p class=\"has-text-align-center\"><strong>HORAIRES DIMANCHE :<\/strong><br>Le matin 11h-13h30<br>L\u2019apr\u00e8s midi 14h30-17h (en fonction des demandes)<\/p>\n<\/div><\/div>\n\n\n\n<div class=\"wp-block-media-text has-media-on-the-right is-stacked-on-mobile\" style=\"grid-template-columns:auto 31%\"><div class=\"wp-block-media-text__content\">\n<h2 class=\"wp-block-heading has-large-font-size\" style=\"font-style:normal;font-weight:900;text-decoration:underline\">COURS PRIV\u00c9S<\/h2>\n\n\n\n<p>Anniversaires, r\u00e9unions familiales, EVF ou EVG, nous aurons \u00e0 coeur de vous accompagner dans ce moment festif, de pr\u00e9parer avec vous le contenu de s\u00e9ances qui vous plaira le plus.<\/p>\n\n\n\n<p>Nous recevons aussi des groupes d\u2019entreprises.<\/p>\n\n\n\n<p>Dans la limite de 12 personnes.<\/p>\n\n\n\n<p>Tarifs sur devis.<\/p>\n\n\n\n<p class=\"has-text-align-right\"><\/p>\n<\/div><figure class=\"wp-block-media-text__media\"><img loading=\"lazy\" decoding=\"async\" width=\"768\" height=\"1024\" src=\"https:\/\/terressingulieres.fr\/wp-content\/uploads\/2024\/08\/IMG_1968-2-768x1024.jpg\" alt=\"tete fleurie (cours priv\u00e9s) : Caroline Vauvert-Valarcher \" class=\"wp-image-165 size-full\" srcset=\"https:\/\/terressingulieres.fr\/wp-content\/uploads\/2024\/08\/IMG_1968-2-768x1024.jpg 768w, https:\/\/terressingulieres.fr\/wp-content\/uploads\/2024\/08\/IMG_1968-2-225x300.jpg 225w, https:\/\/terressingulieres.fr\/wp-content\/uploads\/2024\/08\/IMG_1968-2-1152x1536.jpg 1152w, https:\/\/terressingulieres.fr\/wp-content\/uploads\/2024\/08\/IMG_1968-2-rotated.jpg 1512w\" sizes=\"auto, (max-width: 768px) 100vw, 768px\" \/><\/figure><\/div>\n\n\n\n<p class=\"has-text-align-right\" style=\"font-size:9px\"><\/p>\n\n\n\n<h2 class=\"wp-block-heading has-text-align-center has-large-font-size\" style=\"font-style:normal;font-weight:900;text-decoration:underline\"><br><br>CONTACTS<\/h2>\n\n\n\n<p class=\"has-text-align-center\">M\u00e9lanie Bassompierre<\/p>\n\n\n\n<p class=\"has-text-align-center\">06 76 74 90 97<\/p>\n\n\n\n<p class=\"has-text-align-center\"><a href=\"mailto:melaniebassompierre@yahoo.fr\">melaniebassompierre@yahoo.fr<\/a><\/p>\n\n\n\n<p><br><\/p>\n\n\n\n<div class=\"wp-block-columns is-layout-flex wp-container-core-columns-is-layout-28f84493 wp-block-columns-is-layout-flex\">\n<div class=\"wp-block-column is-layout-flow wp-block-column-is-layout-flow\">\n<figure class=\"wp-block-image size-large\"><img loading=\"lazy\" decoding=\"async\" width=\"1024\" height=\"768\" src=\"https:\/\/terressingulieres.fr\/wp-content\/uploads\/2024\/08\/IMG_1970-2-1024x768.jpg\" alt=\"Caroline Vauvert-Valarcher (cactus)\" class=\"wp-image-267\" srcset=\"https:\/\/terressingulieres.fr\/wp-content\/uploads\/2024\/08\/IMG_1970-2-1024x768.jpg 1024w, https:\/\/terressingulieres.fr\/wp-content\/uploads\/2024\/08\/IMG_1970-2-300x225.jpg 300w, https:\/\/terressingulieres.fr\/wp-content\/uploads\/2024\/08\/IMG_1970-2-768x576.jpg 768w, https:\/\/terressingulieres.fr\/wp-content\/uploads\/2024\/08\/IMG_1970-2-1536x1152.jpg 1536w, https:\/\/terressingulieres.fr\/wp-content\/uploads\/2024\/08\/IMG_1970-2.jpg 2016w\" sizes=\"auto, (max-width: 1024px) 100vw, 1024px\" \/><\/figure>\n<\/div>\n\n\n\n<div class=\"wp-block-column is-layout-flow wp-block-column-is-layout-flow\">\n<figure class=\"wp-block-image size-large\"><img loading=\"lazy\" decoding=\"async\" width=\"1024\" height=\"768\" src=\"https:\/\/terressingulieres.fr\/wp-content\/uploads\/2024\/08\/IMG_2705-1-1024x768.jpg\" alt=\"Brigitte B. (montagne blanche)\" class=\"wp-image-268\" srcset=\"https:\/\/terressingulieres.fr\/wp-content\/uploads\/2024\/08\/IMG_2705-1-1024x768.jpg 1024w, https:\/\/terressingulieres.fr\/wp-content\/uploads\/2024\/08\/IMG_2705-1-300x225.jpg 300w, https:\/\/terressingulieres.fr\/wp-content\/uploads\/2024\/08\/IMG_2705-1-768x576.jpg 768w, https:\/\/terressingulieres.fr\/wp-content\/uploads\/2024\/08\/IMG_2705-1-1536x1152.jpg 1536w, https:\/\/terressingulieres.fr\/wp-content\/uploads\/2024\/08\/IMG_2705-1-2048x1536.jpg 2048w\" sizes=\"auto, (max-width: 1024px) 100vw, 1024px\" \/><\/figure>\n<\/div>\n\n\n\n<div class=\"wp-block-column is-layout-flow wp-block-column-is-layout-flow\">\n<figure class=\"wp-block-image size-large is-style-default\"><img loading=\"lazy\" decoding=\"async\" width=\"1024\" height=\"768\" src=\"https:\/\/terressingulieres.fr\/wp-content\/uploads\/2024\/08\/IMG_4816-2-1024x768.jpg\" alt=\"Aur\u00e9lie G. (montagne verte enneig\u00e9e)\" class=\"wp-image-269\" srcset=\"https:\/\/terressingulieres.fr\/wp-content\/uploads\/2024\/08\/IMG_4816-2-1024x768.jpg 1024w, https:\/\/terressingulieres.fr\/wp-content\/uploads\/2024\/08\/IMG_4816-2-300x225.jpg 300w, https:\/\/terressingulieres.fr\/wp-content\/uploads\/2024\/08\/IMG_4816-2-768x576.jpg 768w, https:\/\/terressingulieres.fr\/wp-content\/uploads\/2024\/08\/IMG_4816-2-1536x1152.jpg 1536w, https:\/\/terressingulieres.fr\/wp-content\/uploads\/2024\/08\/IMG_4816-2.jpg 2016w\" sizes=\"auto, (max-width: 1024px) 100vw, 1024px\" \/><\/figure>\n<\/div>\n<\/div>\n\n\n\n<div class=\"wp-block-columns is-layout-flex wp-container-core-columns-is-layout-28f84493 wp-block-columns-is-layout-flex\">\n<div class=\"wp-block-column is-layout-flow wp-block-column-is-layout-flow\">\n<figure class=\"wp-block-image size-large\"><img loading=\"lazy\" decoding=\"async\" width=\"1024\" height=\"768\" src=\"https:\/\/terressingulieres.fr\/wp-content\/uploads\/2024\/08\/IMG_4811-1024x768.jpg\" alt=\"Aur\u00e9lie G. (tasses)\" class=\"wp-image-272\" srcset=\"https:\/\/terressingulieres.fr\/wp-content\/uploads\/2024\/08\/IMG_4811-1024x768.jpg 1024w, https:\/\/terressingulieres.fr\/wp-content\/uploads\/2024\/08\/IMG_4811-300x225.jpg 300w, https:\/\/terressingulieres.fr\/wp-content\/uploads\/2024\/08\/IMG_4811-768x576.jpg 768w, https:\/\/terressingulieres.fr\/wp-content\/uploads\/2024\/08\/IMG_4811-1536x1152.jpg 1536w, https:\/\/terressingulieres.fr\/wp-content\/uploads\/2024\/08\/IMG_4811.jpg 2016w\" sizes=\"auto, (max-width: 1024px) 100vw, 1024px\" \/><\/figure>\n<\/div>\n\n\n\n<div class=\"wp-block-column is-layout-flow wp-block-column-is-layout-flow\">\n<figure class=\"wp-block-image size-large\"><img loading=\"lazy\" decoding=\"async\" width=\"1024\" height=\"768\" src=\"https:\/\/terressingulieres.fr\/wp-content\/uploads\/2024\/08\/IMG_4818-3-1024x768.jpg\" alt=\"Aur\u00e9lie G. (montagne sur immeuble)\" class=\"wp-image-273\" srcset=\"https:\/\/terressingulieres.fr\/wp-content\/uploads\/2024\/08\/IMG_4818-3-1024x768.jpg 1024w, https:\/\/terressingulieres.fr\/wp-content\/uploads\/2024\/08\/IMG_4818-3-300x225.jpg 300w, https:\/\/terressingulieres.fr\/wp-content\/uploads\/2024\/08\/IMG_4818-3-768x576.jpg 768w, https:\/\/terressingulieres.fr\/wp-content\/uploads\/2024\/08\/IMG_4818-3-1536x1152.jpg 1536w, https:\/\/terressingulieres.fr\/wp-content\/uploads\/2024\/08\/IMG_4818-3.jpg 2016w\" sizes=\"auto, (max-width: 1024px) 100vw, 1024px\" \/><\/figure>\n<\/div>\n\n\n\n<div class=\"wp-block-column is-layout-flow wp-block-column-is-layout-flow\">\n<figure class=\"wp-block-image size-full\"><img loading=\"lazy\" decoding=\"async\" width=\"1024\" height=\"768\" src=\"https:\/\/terressingulieres.fr\/wp-content\/uploads\/2024\/08\/oiseaux-table.jpg\" alt=\"Tara Heuz\u00e9-Sarmini (oiseaux en \u00e9quilibre). \" class=\"wp-image-274\" srcset=\"https:\/\/terressingulieres.fr\/wp-content\/uploads\/2024\/08\/oiseaux-table.jpg 1024w, https:\/\/terressingulieres.fr\/wp-content\/uploads\/2024\/08\/oiseaux-table-300x225.jpg 300w, https:\/\/terressingulieres.fr\/wp-content\/uploads\/2024\/08\/oiseaux-table-768x576.jpg 768w\" sizes=\"auto, (max-width: 1024px) 100vw, 1024px\" \/><\/figure>\n<\/div>\n<\/div>\n\n\n\n<p><\/p>\n\n\n\n<p class=\"has-text-align-left\" style=\"font-size:16px\"><\/p>\n\n\n\n<p class=\"has-small-font-size\"><strong>Cr\u00e9dits photographiques<\/strong> par ordre d&rsquo;apparition : Donatella Basdereff, Tara Heuz\u00e9-Sarmini, Anne M., Catherine O., Catherine O., Donatella Basdereff, Evang\u00e9line K.,  Donatella Basdereff, Caroline S., Caroline Vauvert-Valarcher, Caroline Vauvert-Valarcher (cactus), Brigitte B. (montagne blanche), Aur\u00e9lie G. (montagne verte enneig\u00e9e), Aur\u00e9lie G. (tasses), Aur\u00e9lie G. (montagne sur immeuble), Tara Heuz\u00e9-Sarmini (oiseaux en \u00e9quilibre). <\/p>\n","protected":false},"excerpt":{"rendered":"<p>Cours adultes par M\u00e9lanie BassompierrePlace de Clichy 75009 ParisTrimestriels ou ponctuels2024\/2025 BIENVENUE Le travail de la terre est riche de surprises et de d\u00e9couvertes&nbsp;: \u00e0 chaque tentative&nbsp;ses trouvailles, \u00e0 chaque main au travail ses pi\u00e8ces singuli\u00e8res. PR\u00c9SENTATION Notre atelier est un lieu destin\u00e9 \u00e0 l\u2019accueil du public, nous y transmettons notre savoir et notre exp\u00e9rience. [&hellip;]<\/p>\n","protected":false},"author":1,"featured_media":0,"parent":0,"menu_order":0,"comment_status":"closed","ping_status":"closed","template":"","meta":{"footnotes":""},"class_list":["post-45","page","type-page","status-publish","hentry"],"_links":{"self":[{"href":"https:\/\/terressingulieres.fr\/index.php?rest_route=\/wp\/v2\/pages\/45","targetHints":{"allow":["GET"]}}],"collection":[{"href":"https:\/\/terressingulieres.fr\/index.php?rest_route=\/wp\/v2\/pages"}],"about":[{"href":"https:\/\/terressingulieres.fr\/index.php?rest_route=\/wp\/v2\/types\/page"}],"author":[{"embeddable":true,"href":"https:\/\/terressingulieres.fr\/index.php?rest_route=\/wp\/v2\/users\/1"}],"replies":[{"embeddable":true,"href":"https:\/\/terressingulieres.fr\/index.php?rest_route=%2Fwp%2Fv2%2Fcomments&post=45"}],"version-history":[{"count":215,"href":"https:\/\/terressingulieres.fr\/index.php?rest_route=\/wp\/v2\/pages\/45\/revisions"}],"predecessor-version":[{"id":327,"href":"https:\/\/terressingulieres.fr\/index.php?rest_route=\/wp\/v2\/pages\/45\/revisions\/327"}],"wp:attachment":[{"href":"https:\/\/terressingulieres.fr\/index.php?rest_route=%2Fwp%2Fv2%2Fmedia&parent=45"}],"curies":[{"name":"wp","href":"https:\/\/api.w.org\/{rel}","templated":true}]}}